{"id":58,"date":"2013-12-17T13:02:18","date_gmt":"2013-12-17T13:02:18","guid":{"rendered":"http:\/\/vistadovale.com.br\/pousada\/?page_id=58"},"modified":"2019-07-23T14:10:48","modified_gmt":"2019-07-23T14:10:48","slug":"eventos-na-regiao","status":"publish","type":"page","link":"https:\/\/vistadovale.com.br\/pousada\/index.php\/servicos-de-turimo\/eventos-na-regiao\/","title":{"rendered":"Visite Petr\u00f3polis"},"content":{"rendered":"<p><strong>EVENTOS PERMANENTES NA REGI\u00c3O<\/strong>:<\/p>\n<p><strong>Baile da Feliz idade:\u00a0<\/strong>Pal\u00e1cio de Cristal, \u00a0na segunda quarta-feira do m\u00eas, das 16h \u00e0s 20h.<br \/>\n<strong>Serenata Imperial<\/strong>: Pal\u00e1cio de Cristal na \u00faltima quinta-feira do m\u00eas \u00e0s 20h.<br \/>\n<strong>Som e Cristal:\u00a0<\/strong>Pal\u00e1cio de Cristal aos s\u00e1bados \u00e0s 18h.<br \/>\n<strong>Dan\u00e7a Folcl\u00f3rica Alem\u00e3<\/strong>: Pal\u00e1cio de Cristal aos s\u00e1bados e domingos \u00e0s 11h.<br \/>\n<strong>Som e Luz<\/strong>: Museu Imperial \u00e0s quintas, sextas e s\u00e1bados \u00e0s 20h.<\/p>\n<hr \/>\n<p>Agende sua visita a Petr\u00f3polis: <a title=\"Reservas\" href=\"http:\/\/vistadovale.com.br\/pousada\/index.php\/reservas-e-contatos\/\">clique aqui<\/a> e hospede-se nas <strong>Pousada Vista do Vale<\/strong>, em Itaipava<br \/>\nOu hospede-se na <a title=\"pousadavistadolago.com.br\" href=\"http:\/\/www.pousadavistadolago.com.br\" target=\"_blank\" rel=\"noopener noreferrer\">Pousada Vista do Lago <\/a>em Petr\u00f3polis!<\/p>\n<p>Saiba mais sobre Petr\u00f3polis: <a title=\"www.petropolis.rj.gov.br\" href=\"http:\/\/www.petropolis.rj.gov.br\" target=\"_blank\" rel=\"noopener noreferrer\">www.petropolis.rj.gov.br<\/a><br \/>\nHist\u00f3ria da Cidade: <a title=\"Hist\u00f3ria\" href=\"http:\/\/www.petropolis.rj.gov.br\/fct\/index.php\/turismo\/conheca-petropolis\/historia-de-petropolis.html\" target=\"_blank\" rel=\"noopener noreferrer\">clique aqui<\/a><br \/>\nAtra\u00e7\u00f5es tur\u00edsticas da Cidade: <a title=\"Atra\u00e7\u00f5es tur\u00edsticas\" href=\"http:\/\/www.petropolis.rj.gov.br\/fct\/index.php\/turismo\/atrativos-turisticos.html\" target=\"_blank\" rel=\"noopener noreferrer\">clique aqui<\/a><br \/>\nComo chegar: <a title=\"Como Chegar\" href=\"http:\/\/vistadovale.com.br\/pousada\/index.php\/a-pousada\/como-chegar\/\" target=\"_blank\" rel=\"noopener noreferrer\">clique aqui<\/a><\/p>\n<hr \/>\n<div id='gallery-1' class='gallery galleryid-58 gallery-columns-3 gallery-size-medium'><figure class='gallery-item'>\n\t\t\t<div class='gallery-icon landscape'>\n\t\t\t\t<a href='https:\/\/vistadovale.com.br\/pousada\/wp-content\/uploads\/2013\/12\/museu.jpg' title=\"\" data-rl_title=\"\" class=\"rl-gallery-link\" data-rl_caption=\"\" data-rel=\"lightbox-gallery-1\"><img loading=\"lazy\" decoding=\"async\" width=\"300\" height=\"188\" src=\"https:\/\/vistadovale.com.br\/pousada\/wp-content\/uploads\/2013\/12\/museu-300x188.jpg\" class=\"attachment-medium size-medium\" alt=\"Museu Imperial\" aria-describedby=\"gallery-1-552\" srcset=\"https:\/\/vistadovale.com.br\/pousada\/wp-content\/uploads\/2013\/12\/museu-300x188.jpg 300w, https:\/\/vistadovale.com.br\/pousada\/wp-content\/uploads\/2013\/12\/museu.jpg 900w\" sizes=\"auto, (max-width: 300px) 100vw, 300px\" \/><\/a>\n\t\t\t<\/div>\n\t\t\t\t<figcaption class='wp-caption-text gallery-caption' id='gallery-1-552'>\n\t\t\t\tMuseu Imperial\n\t\t\t\t<\/figcaption><\/figure><figure class='gallery-item'>\n\t\t\t<div class='gallery-icon landscape'>\n\t\t\t\t<a href='https:\/\/vistadovale.com.br\/pousada\/wp-content\/uploads\/2013\/12\/cristal.jpg' title=\"\" data-rl_title=\"\" class=\"rl-gallery-link\" data-rl_caption=\"\" data-rel=\"lightbox-gallery-1\"><img loading=\"lazy\" decoding=\"async\" width=\"300\" height=\"200\" src=\"https:\/\/vistadovale.com.br\/pousada\/wp-content\/uploads\/2013\/12\/cristal-300x200.jpg\" class=\"attachment-medium size-medium\" alt=\"Pal\u00e1cio de Cristal\" aria-describedby=\"gallery-1-549\" srcset=\"https:\/\/vistadovale.com.br\/pousada\/wp-content\/uploads\/2013\/12\/cristal-300x200.jpg 300w, https:\/\/vistadovale.com.br\/pousada\/wp-content\/uploads\/2013\/12\/cristal.jpg 900w\" sizes=\"auto, (max-width: 300px) 100vw, 300px\" \/><\/a>\n\t\t\t<\/div>\n\t\t\t\t<figcaption class='wp-caption-text gallery-caption' id='gallery-1-549'>\n\t\t\t\tPal\u00e1cio de Cristal\n\t\t\t\t<\/figcaption><\/figure><figure class='gallery-item'>\n\t\t\t<div class='gallery-icon landscape'>\n\t\t\t\t<a href='https:\/\/vistadovale.com.br\/pousada\/wp-content\/uploads\/2013\/12\/palacio_amarelo.jpg' title=\"\" data-rl_title=\"\" class=\"rl-gallery-link\" data-rl_caption=\"\" data-rel=\"lightbox-gallery-1\"><img loading=\"lazy\" decoding=\"async\" width=\"300\" height=\"200\" src=\"https:\/\/vistadovale.com.br\/pousada\/wp-content\/uploads\/2013\/12\/palacio_amarelo-300x200.jpg\" class=\"attachment-medium size-medium\" alt=\"Pal\u00e1cio Amarelo\" aria-describedby=\"gallery-1-555\" srcset=\"https:\/\/vistadovale.com.br\/pousada\/wp-content\/uploads\/2013\/12\/palacio_amarelo-300x200.jpg 300w, https:\/\/vistadovale.com.br\/pousada\/wp-content\/uploads\/2013\/12\/palacio_amarelo.jpg 900w\" sizes=\"auto, (max-width: 300px) 100vw, 300px\" \/><\/a>\n\t\t\t<\/div>\n\t\t\t\t<figcaption class='wp-caption-text gallery-caption' id='gallery-1-555'>\n\t\t\t\tPal\u00e1cio Amarelo\n\t\t\t\t<\/figcaption><\/figure><figure class='gallery-item'>\n\t\t\t<div class='gallery-icon landscape'>\n\t\t\t\t<a href='https:\/\/vistadovale.com.br\/pousada\/wp-content\/uploads\/2013\/12\/casa_princesa_isabel.jpg' title=\"\" data-rl_title=\"\" class=\"rl-gallery-link\" data-rl_caption=\"\" data-rel=\"lightbox-gallery-1\"><img loading=\"lazy\" decoding=\"async\" width=\"300\" height=\"200\" src=\"https:\/\/vistadovale.com.br\/pousada\/wp-content\/uploads\/2013\/12\/casa_princesa_isabel-300x200.jpg\" class=\"attachment-medium size-medium\" alt=\"Casa da Princesa Isabel\" aria-describedby=\"gallery-1-556\" srcset=\"https:\/\/vistadovale.com.br\/pousada\/wp-content\/uploads\/2013\/12\/casa_princesa_isabel-300x200.jpg 300w, https:\/\/vistadovale.com.br\/pousada\/wp-content\/uploads\/2013\/12\/casa_princesa_isabel.jpg 900w\" sizes=\"auto, (max-width: 300px) 100vw, 300px\" \/><\/a>\n\t\t\t<\/div>\n\t\t\t\t<figcaption class='wp-caption-text gallery-caption' id='gallery-1-556'>\n\t\t\t\tCasa da Princesa Isabel\n\t\t\t\t<\/figcaption><\/figure><figure class='gallery-item'>\n\t\t\t<div class='gallery-icon landscape'>\n\t\t\t\t<a href='https:\/\/vistadovale.com.br\/pousada\/wp-content\/uploads\/2013\/12\/fazenda_samambaia.jpg' title=\"\" data-rl_title=\"\" class=\"rl-gallery-link\" data-rl_caption=\"\" data-rel=\"lightbox-gallery-1\"><img loading=\"lazy\" decoding=\"async\" width=\"300\" height=\"200\" src=\"https:\/\/vistadovale.com.br\/pousada\/wp-content\/uploads\/2013\/12\/fazenda_samambaia-300x200.jpg\" class=\"attachment-medium size-medium\" alt=\"Fazenda da Samambaia\" aria-describedby=\"gallery-1-557\" srcset=\"https:\/\/vistadovale.com.br\/pousada\/wp-content\/uploads\/2013\/12\/fazenda_samambaia-300x200.jpg 300w, https:\/\/vistadovale.com.br\/pousada\/wp-content\/uploads\/2013\/12\/fazenda_samambaia.jpg 900w\" sizes=\"auto, (max-width: 300px) 100vw, 300px\" \/><\/a>\n\t\t\t<\/div>\n\t\t\t\t<figcaption class='wp-caption-text gallery-caption' id='gallery-1-557'>\n\t\t\t\tFazenda da Samambaia\n\t\t\t\t<\/figcaption><\/figure><figure class='gallery-item'>\n\t\t\t<div class='gallery-icon landscape'>\n\t\t\t\t<a href='https:\/\/vistadovale.com.br\/pousada\/wp-content\/uploads\/2013\/12\/ipirranga.jpg' title=\"\" data-rl_title=\"\" class=\"rl-gallery-link\" data-rl_caption=\"\" data-rel=\"lightbox-gallery-1\"><img loading=\"lazy\" decoding=\"async\" width=\"300\" height=\"199\" src=\"https:\/\/vistadovale.com.br\/pousada\/wp-content\/uploads\/2013\/12\/ipirranga-300x199.jpg\" class=\"attachment-medium size-medium\" alt=\"Casa da Ipiranga\" aria-describedby=\"gallery-1-558\" srcset=\"https:\/\/vistadovale.com.br\/pousada\/wp-content\/uploads\/2013\/12\/ipirranga-300x199.jpg 300w, https:\/\/vistadovale.com.br\/pousada\/wp-content\/uploads\/2013\/12\/ipirranga.jpg 900w\" sizes=\"auto, (max-width: 300px) 100vw, 300px\" \/><\/a>\n\t\t\t<\/div>\n\t\t\t\t<figcaption class='wp-caption-text gallery-caption' id='gallery-1-558'>\n\t\t\t\tCasa da Ipiranga\n\t\t\t\t<\/figcaption><\/figure><figure class='gallery-item'>\n\t\t\t<div class='gallery-icon landscape'>\n\t\t\t\t<a href='https:\/\/vistadovale.com.br\/pousada\/wp-content\/uploads\/2013\/12\/bohemia.jpg' title=\"\" data-rl_title=\"\" class=\"rl-gallery-link\" data-rl_caption=\"\" data-rel=\"lightbox-gallery-1\"><img loading=\"lazy\" decoding=\"async\" width=\"300\" height=\"199\" src=\"https:\/\/vistadovale.com.br\/pousada\/wp-content\/uploads\/2013\/12\/bohemia-300x199.jpg\" class=\"attachment-medium size-medium\" alt=\"Cervejaria Bohemia\" aria-describedby=\"gallery-1-559\" srcset=\"https:\/\/vistadovale.com.br\/pousada\/wp-content\/uploads\/2013\/12\/bohemia-300x199.jpg 300w, https:\/\/vistadovale.com.br\/pousada\/wp-content\/uploads\/2013\/12\/bohemia.jpg 900w\" sizes=\"auto, (max-width: 300px) 100vw, 300px\" \/><\/a>\n\t\t\t<\/div>\n\t\t\t\t<figcaption class='wp-caption-text gallery-caption' id='gallery-1-559'>\n\t\t\t\tCervejaria Bohemia\n\t\t\t\t<\/figcaption><\/figure><figure class='gallery-item'>\n\t\t\t<div class='gallery-icon landscape'>\n\t\t\t\t<a href='https:\/\/vistadovale.com.br\/pousada\/wp-content\/uploads\/2013\/12\/quitandinha.jpg' title=\"\" data-rl_title=\"\" class=\"rl-gallery-link\" data-rl_caption=\"\" data-rel=\"lightbox-gallery-1\"><img loading=\"lazy\" decoding=\"async\" width=\"300\" height=\"225\" src=\"https:\/\/vistadovale.com.br\/pousada\/wp-content\/uploads\/2013\/12\/quitandinha-300x225.jpg\" class=\"attachment-medium size-medium\" alt=\"Pal\u00e1cio Quitandinha\" aria-describedby=\"gallery-1-562\" srcset=\"https:\/\/vistadovale.com.br\/pousada\/wp-content\/uploads\/2013\/12\/quitandinha-300x225.jpg 300w, https:\/\/vistadovale.com.br\/pousada\/wp-content\/uploads\/2013\/12\/quitandinha.jpg 900w\" sizes=\"auto, (max-width: 300px) 100vw, 300px\" \/><\/a>\n\t\t\t<\/div>\n\t\t\t\t<figcaption class='wp-caption-text gallery-caption' id='gallery-1-562'>\n\t\t\t\tPal\u00e1cio Quitandinha\n\t\t\t\t<\/figcaption><\/figure><figure class='gallery-item'>\n\t\t\t<div class='gallery-icon landscape'>\n\t\t\t\t<a href='https:\/\/vistadovale.com.br\/pousada\/wp-content\/uploads\/2013\/12\/saopeter_catedral.jpg' title=\"\" data-rl_title=\"\" class=\"rl-gallery-link\" data-rl_caption=\"\" data-rel=\"lightbox-gallery-1\"><img loading=\"lazy\" decoding=\"async\" width=\"300\" height=\"200\" src=\"https:\/\/vistadovale.com.br\/pousada\/wp-content\/uploads\/2013\/12\/saopeter_catedral-300x200.jpg\" class=\"attachment-medium size-medium\" alt=\"Catedral de S\u00e3o Pedro de Alc\u00e2ntara\" aria-describedby=\"gallery-1-563\" srcset=\"https:\/\/vistadovale.com.br\/pousada\/wp-content\/uploads\/2013\/12\/saopeter_catedral-300x200.jpg 300w, https:\/\/vistadovale.com.br\/pousada\/wp-content\/uploads\/2013\/12\/saopeter_catedral.jpg 900w\" sizes=\"auto, (max-width: 300px) 100vw, 300px\" \/><\/a>\n\t\t\t<\/div>\n\t\t\t\t<figcaption class='wp-caption-text gallery-caption' id='gallery-1-563'>\n\t\t\t\tCatedral \n\t\t\t\t<\/figcaption><\/figure>\n\t\t<\/div>\n\n","protected":false},"excerpt":{"rendered":"<p>EVENTOS PERMANENTES NA REGI\u00c3O: Baile da Feliz idade:\u00a0Pal\u00e1cio de Cristal, \u00a0na segunda quarta-feira do m\u00eas, das 16h \u00e0s 20h. Serenata Imperial: Pal\u00e1cio de Cristal na \u00faltima quinta-feira do m\u00eas \u00e0s 20h. Som e Cristal:\u00a0Pal\u00e1cio de Cristal aos s\u00e1bados \u00e0s 18h.&hellip;&nbsp;<a href=\"https:\/\/vistadovale.com.br\/pousada\/index.php\/servicos-de-turimo\/eventos-na-regiao\/\" class=\"more-link\">Saiba Mais<\/a><\/p>\n","protected":false},"author":1,"featured_media":1480,"parent":61,"menu_order":10,"comment_status":"closed","ping_status":"closed","template":"","meta":{"footnotes":"","_links_to":"","_links_to_target":""},"class_list":["post-58","page","type-page","status-publish","has-post-thumbnail","hentry"],"yoast_head":"<!-- This site is optimized with the Yoast SEO plugin v26.9 - https:\/\/yoast.com\/product\/yoast-seo-wordpress\/ -->\n<title>Visite Petr\u00f3polis - Pousada em Itaipava Vista do Vale, Petr\u00f3polis<\/title>\n<meta name=\"robots\" content=\"index, follow, max-snippet:-1, max-image-preview:large, max-video-preview:-1\" \/>\n<link rel=\"canonical\" href=\"https:\/\/vistadovale.com.br\/pousada\/index.php\/servicos-de-turimo\/eventos-na-regiao\/\" \/>\n<meta property=\"og:locale\" content=\"pt_BR\" \/>\n<meta property=\"og:type\" content=\"article\" \/>\n<meta property=\"og:title\" content=\"Visite Petr\u00f3polis - Pousada em Itaipava Vista do Vale, Petr\u00f3polis\" \/>\n<meta property=\"og:description\" content=\"EVENTOS PERMANENTES NA REGI\u00c3O: Baile da Feliz idade:\u00a0Pal\u00e1cio de Cristal, \u00a0na segunda quarta-feira do m\u00eas, das 16h \u00e0s 20h. Serenata Imperial: Pal\u00e1cio de Cristal na \u00faltima quinta-feira do m\u00eas \u00e0s 20h. Som e Cristal:\u00a0Pal\u00e1cio de Cristal aos s\u00e1bados \u00e0s 18h.&hellip;&nbsp;Saiba Mais\" \/>\n<meta property=\"og:url\" content=\"https:\/\/vistadovale.com.br\/pousada\/index.php\/servicos-de-turimo\/eventos-na-regiao\/\" \/>\n<meta property=\"og:site_name\" content=\"Pousada em Itaipava Vista do Vale, Petr\u00f3polis\" \/>\n<meta property=\"article:publisher\" content=\"https:\/\/www.facebook.com\/vistadovale\" \/>\n<meta property=\"article:modified_time\" content=\"2019-07-23T14:10:48+00:00\" \/>\n<meta property=\"og:image\" content=\"https:\/\/vistadovale.com.br\/pousada\/wp-content\/uploads\/2013\/12\/MG_6756.jpg\" \/>\n\t<meta property=\"og:image:width\" content=\"1200\" \/>\n\t<meta property=\"og:image:height\" content=\"800\" \/>\n\t<meta property=\"og:image:type\" content=\"image\/jpeg\" \/>\n<meta name=\"twitter:label1\" content=\"Est. tempo de leitura\" \/>\n\t<meta name=\"twitter:data1\" content=\"1 minuto\" \/>\n<script type=\"application\/ld+json\" class=\"yoast-schema-graph\">{\"@context\":\"https:\/\/schema.org\",\"@graph\":[{\"@type\":\"WebPage\",\"@id\":\"https:\/\/vistadovale.com.br\/pousada\/index.php\/servicos-de-turimo\/eventos-na-regiao\/\",\"url\":\"https:\/\/vistadovale.com.br\/pousada\/index.php\/servicos-de-turimo\/eventos-na-regiao\/\",\"name\":\"Visite Petr\u00f3polis - Pousada em Itaipava Vista do Vale, Petr\u00f3polis\",\"isPartOf\":{\"@id\":\"https:\/\/vistadovale.com.br\/pousada\/#website\"},\"primaryImageOfPage\":{\"@id\":\"https:\/\/vistadovale.com.br\/pousada\/index.php\/servicos-de-turimo\/eventos-na-regiao\/#primaryimage\"},\"image\":{\"@id\":\"https:\/\/vistadovale.com.br\/pousada\/index.php\/servicos-de-turimo\/eventos-na-regiao\/#primaryimage\"},\"thumbnailUrl\":\"https:\/\/vistadovale.com.br\/pousada\/wp-content\/uploads\/2013\/12\/MG_6756.jpg\",\"datePublished\":\"2013-12-17T13:02:18+00:00\",\"dateModified\":\"2019-07-23T14:10:48+00:00\",\"breadcrumb\":{\"@id\":\"https:\/\/vistadovale.com.br\/pousada\/index.php\/servicos-de-turimo\/eventos-na-regiao\/#breadcrumb\"},\"inLanguage\":\"pt-BR\",\"potentialAction\":[{\"@type\":\"ReadAction\",\"target\":[\"https:\/\/vistadovale.com.br\/pousada\/index.php\/servicos-de-turimo\/eventos-na-regiao\/\"]}]},{\"@type\":\"ImageObject\",\"inLanguage\":\"pt-BR\",\"@id\":\"https:\/\/vistadovale.com.br\/pousada\/index.php\/servicos-de-turimo\/eventos-na-regiao\/#primaryimage\",\"url\":\"https:\/\/vistadovale.com.br\/pousada\/wp-content\/uploads\/2013\/12\/MG_6756.jpg\",\"contentUrl\":\"https:\/\/vistadovale.com.br\/pousada\/wp-content\/uploads\/2013\/12\/MG_6756.jpg\",\"width\":1200,\"height\":800,\"caption\":\"Pousada em Itaipava\"},{\"@type\":\"BreadcrumbList\",\"@id\":\"https:\/\/vistadovale.com.br\/pousada\/index.php\/servicos-de-turimo\/eventos-na-regiao\/#breadcrumb\",\"itemListElement\":[{\"@type\":\"ListItem\",\"position\":1,\"name\":\"Turismo de Experi\u00eancias\",\"item\":\"https:\/\/vistadovale.com.br\/pousada\/index.php\/servicos-de-turimo\/\"},{\"@type\":\"ListItem\",\"position\":2,\"name\":\"Visite Petr\u00f3polis\"}]},{\"@type\":\"WebSite\",\"@id\":\"https:\/\/vistadovale.com.br\/pousada\/#website\",\"url\":\"https:\/\/vistadovale.com.br\/pousada\/\",\"name\":\"Pousada em Itaipava Vista do Vale, Petr\u00f3polis\",\"description\":\"Chal\u00e9s em Itaipava Pousada Vista do Vale\",\"publisher\":{\"@id\":\"https:\/\/vistadovale.com.br\/pousada\/#organization\"},\"potentialAction\":[{\"@type\":\"SearchAction\",\"target\":{\"@type\":\"EntryPoint\",\"urlTemplate\":\"https:\/\/vistadovale.com.br\/pousada\/?s={search_term_string}\"},\"query-input\":{\"@type\":\"PropertyValueSpecification\",\"valueRequired\":true,\"valueName\":\"search_term_string\"}}],\"inLanguage\":\"pt-BR\"},{\"@type\":\"Organization\",\"@id\":\"https:\/\/vistadovale.com.br\/pousada\/#organization\",\"name\":\"Pousada em Itaipava Vista do Vale, Petr\u00f3polis\",\"url\":\"https:\/\/vistadovale.com.br\/pousada\/\",\"logo\":{\"@type\":\"ImageObject\",\"inLanguage\":\"pt-BR\",\"@id\":\"https:\/\/vistadovale.com.br\/pousada\/#\/schema\/logo\/image\/\",\"url\":\"https:\/\/vistadovale.com.br\/pousada\/wp-content\/uploads\/2015\/11\/cropped-pousada_itaipava.png\",\"contentUrl\":\"https:\/\/vistadovale.com.br\/pousada\/wp-content\/uploads\/2015\/11\/cropped-pousada_itaipava.png\",\"width\":149,\"height\":100,\"caption\":\"Pousada em Itaipava Vista do Vale, Petr\u00f3polis\"},\"image\":{\"@id\":\"https:\/\/vistadovale.com.br\/pousada\/#\/schema\/logo\/image\/\"},\"sameAs\":[\"https:\/\/www.facebook.com\/vistadovale\"]}]}<\/script>\n<!-- \/ Yoast SEO plugin. -->","yoast_head_json":{"title":"Visite Petr\u00f3polis - Pousada em Itaipava Vista do Vale, Petr\u00f3polis","robots":{"index":"index","follow":"follow","max-snippet":"max-snippet:-1","max-image-preview":"max-image-preview:large","max-video-preview":"max-video-preview:-1"},"canonical":"https:\/\/vistadovale.com.br\/pousada\/index.php\/servicos-de-turimo\/eventos-na-regiao\/","og_locale":"pt_BR","og_type":"article","og_title":"Visite Petr\u00f3polis - Pousada em Itaipava Vista do Vale, Petr\u00f3polis","og_description":"EVENTOS PERMANENTES NA REGI\u00c3O: Baile da Feliz idade:\u00a0Pal\u00e1cio de Cristal, \u00a0na segunda quarta-feira do m\u00eas, das 16h \u00e0s 20h. Serenata Imperial: Pal\u00e1cio de Cristal na \u00faltima quinta-feira do m\u00eas \u00e0s 20h. Som e Cristal:\u00a0Pal\u00e1cio de Cristal aos s\u00e1bados \u00e0s 18h.&hellip;&nbsp;Saiba Mais","og_url":"https:\/\/vistadovale.com.br\/pousada\/index.php\/servicos-de-turimo\/eventos-na-regiao\/","og_site_name":"Pousada em Itaipava Vista do Vale, Petr\u00f3polis","article_publisher":"https:\/\/www.facebook.com\/vistadovale","article_modified_time":"2019-07-23T14:10:48+00:00","og_image":[{"width":1200,"height":800,"url":"https:\/\/vistadovale.com.br\/pousada\/wp-content\/uploads\/2013\/12\/MG_6756.jpg","type":"image\/jpeg"}],"twitter_misc":{"Est. tempo de leitura":"1 minuto"},"schema":{"@context":"https:\/\/schema.org","@graph":[{"@type":"WebPage","@id":"https:\/\/vistadovale.com.br\/pousada\/index.php\/servicos-de-turimo\/eventos-na-regiao\/","url":"https:\/\/vistadovale.com.br\/pousada\/index.php\/servicos-de-turimo\/eventos-na-regiao\/","name":"Visite Petr\u00f3polis - Pousada em Itaipava Vista do Vale, Petr\u00f3polis","isPartOf":{"@id":"https:\/\/vistadovale.com.br\/pousada\/#website"},"primaryImageOfPage":{"@id":"https:\/\/vistadovale.com.br\/pousada\/index.php\/servicos-de-turimo\/eventos-na-regiao\/#primaryimage"},"image":{"@id":"https:\/\/vistadovale.com.br\/pousada\/index.php\/servicos-de-turimo\/eventos-na-regiao\/#primaryimage"},"thumbnailUrl":"https:\/\/vistadovale.com.br\/pousada\/wp-content\/uploads\/2013\/12\/MG_6756.jpg","datePublished":"2013-12-17T13:02:18+00:00","dateModified":"2019-07-23T14:10:48+00:00","breadcrumb":{"@id":"https:\/\/vistadovale.com.br\/pousada\/index.php\/servicos-de-turimo\/eventos-na-regiao\/#breadcrumb"},"inLanguage":"pt-BR","potentialAction":[{"@type":"ReadAction","target":["https:\/\/vistadovale.com.br\/pousada\/index.php\/servicos-de-turimo\/eventos-na-regiao\/"]}]},{"@type":"ImageObject","inLanguage":"pt-BR","@id":"https:\/\/vistadovale.com.br\/pousada\/index.php\/servicos-de-turimo\/eventos-na-regiao\/#primaryimage","url":"https:\/\/vistadovale.com.br\/pousada\/wp-content\/uploads\/2013\/12\/MG_6756.jpg","contentUrl":"https:\/\/vistadovale.com.br\/pousada\/wp-content\/uploads\/2013\/12\/MG_6756.jpg","width":1200,"height":800,"caption":"Pousada em Itaipava"},{"@type":"BreadcrumbList","@id":"https:\/\/vistadovale.com.br\/pousada\/index.php\/servicos-de-turimo\/eventos-na-regiao\/#breadcrumb","itemListElement":[{"@type":"ListItem","position":1,"name":"Turismo de Experi\u00eancias","item":"https:\/\/vistadovale.com.br\/pousada\/index.php\/servicos-de-turimo\/"},{"@type":"ListItem","position":2,"name":"Visite Petr\u00f3polis"}]},{"@type":"WebSite","@id":"https:\/\/vistadovale.com.br\/pousada\/#website","url":"https:\/\/vistadovale.com.br\/pousada\/","name":"Pousada em Itaipava Vista do Vale, Petr\u00f3polis","description":"Chal\u00e9s em Itaipava Pousada Vista do Vale","publisher":{"@id":"https:\/\/vistadovale.com.br\/pousada\/#organization"},"potentialAction":[{"@type":"SearchAction","target":{"@type":"EntryPoint","urlTemplate":"https:\/\/vistadovale.com.br\/pousada\/?s={search_term_string}"},"query-input":{"@type":"PropertyValueSpecification","valueRequired":true,"valueName":"search_term_string"}}],"inLanguage":"pt-BR"},{"@type":"Organization","@id":"https:\/\/vistadovale.com.br\/pousada\/#organization","name":"Pousada em Itaipava Vista do Vale, Petr\u00f3polis","url":"https:\/\/vistadovale.com.br\/pousada\/","logo":{"@type":"ImageObject","inLanguage":"pt-BR","@id":"https:\/\/vistadovale.com.br\/pousada\/#\/schema\/logo\/image\/","url":"https:\/\/vistadovale.com.br\/pousada\/wp-content\/uploads\/2015\/11\/cropped-pousada_itaipava.png","contentUrl":"https:\/\/vistadovale.com.br\/pousada\/wp-content\/uploads\/2015\/11\/cropped-pousada_itaipava.png","width":149,"height":100,"caption":"Pousada em Itaipava Vista do Vale, Petr\u00f3polis"},"image":{"@id":"https:\/\/vistadovale.com.br\/pousada\/#\/schema\/logo\/image\/"},"sameAs":["https:\/\/www.facebook.com\/vistadovale"]}]}},"_links":{"self":[{"href":"https:\/\/vistadovale.com.br\/pousada\/index.php\/wp-json\/wp\/v2\/pages\/58","targetHints":{"allow":["GET"]}}],"collection":[{"href":"https:\/\/vistadovale.com.br\/pousada\/index.php\/wp-json\/wp\/v2\/pages"}],"about":[{"href":"https:\/\/vistadovale.com.br\/pousada\/index.php\/wp-json\/wp\/v2\/types\/page"}],"author":[{"embeddable":true,"href":"https:\/\/vistadovale.com.br\/pousada\/index.php\/wp-json\/wp\/v2\/users\/1"}],"replies":[{"embeddable":true,"href":"https:\/\/vistadovale.com.br\/pousada\/index.php\/wp-json\/wp\/v2\/comments?post=58"}],"version-history":[{"count":20,"href":"https:\/\/vistadovale.com.br\/pousada\/index.php\/wp-json\/wp\/v2\/pages\/58\/revisions"}],"predecessor-version":[{"id":1702,"href":"https:\/\/vistadovale.com.br\/pousada\/index.php\/wp-json\/wp\/v2\/pages\/58\/revisions\/1702"}],"up":[{"embeddable":true,"href":"https:\/\/vistadovale.com.br\/pousada\/index.php\/wp-json\/wp\/v2\/pages\/61"}],"wp:featuredmedia":[{"embeddable":true,"href":"https:\/\/vistadovale.com.br\/pousada\/index.php\/wp-json\/wp\/v2\/media\/1480"}],"wp:attachment":[{"href":"https:\/\/vistadovale.com.br\/pousada\/index.php\/wp-json\/wp\/v2\/media?parent=58"}],"curies":[{"name":"wp","href":"https:\/\/api.w.org\/{rel}","templated":true}]}}