{"id":49,"date":"2013-12-17T01:32:49","date_gmt":"2013-12-17T01:32:49","guid":{"rendered":"http:\/\/vistadovale.com.br\/pousada\/?page_id=49"},"modified":"2025-12-02T13:23:50","modified_gmt":"2025-12-02T13:23:50","slug":"como-chegar","status":"publish","type":"page","link":"https:\/\/vistadovale.com.br\/pousada\/index.php\/a-pousada\/como-chegar\/","title":{"rendered":"Como Chegar"},"content":{"rendered":"<div class=\"su-tabs su-tabs-style-default su-tabs-mobile-stack\" data-active=\"1\" data-scroll-offset=\"0\" data-anchor-in-url=\"no\"><div class=\"su-tabs-nav\"><span class=\"\" data-url=\"\" data-target=\"blank\" tabindex=\"0\" role=\"button\">Google Maps<\/span><span class=\"\" data-url=\"\" data-target=\"blank\" tabindex=\"0\" role=\"button\">Mapa e Endere\u00e7o<\/span><span class=\"\" data-url=\"\" data-target=\"blank\" tabindex=\"0\" role=\"button\">Roteiros de Como Chegar<\/span><\/div><div class=\"su-tabs-panes\"><div class=\"su-tabs-pane su-u-clearfix su-u-trim\" data-title=\"Google Maps\">Google Maps:<br \/>\n&#8220;Vers\u00e3o: foto Sat\u00e9lite&#8221;<\/p>\n<p><iframe loading=\"lazy\" style=\"border: 0;\" src=\"https:\/\/www.google.com\/maps\/embed?pb=!1m17!1m11!1m3!1d71815.5395536391!2d-43.11032938321259!3d-22.343596540595463!2m2!1f0!2f0!3m2!1i1024!2i768!4f13.1!3m3!1m2!1s0x0%3A0x4e867bead275539e!2sHotel+Pousada+Vista+do+Vale!5e1!3m2!1spt-BR!2sus!4v1565699625521!5m2!1spt-BR!2sus\" width=\"720\" height=\"450\" frameborder=\"0\" allowfullscreen=\"allowfullscreen\"><\/iframe><\/p>\n<hr \/>\n<p>&#8220;Vers\u00e3o: foto gr\u00e1fica&#8221;<\/p>\n<p><iframe loading=\"lazy\" src=\"https:\/\/maps.google.com.br\/maps?f=q&amp;source=s_q&amp;hl=pt-BR&amp;geocode=&amp;q=Estrada+Correia+da+Veiga,+801,+Hotel+Pousada+Vista+do+Vale&amp;aq=&amp;sll=-22.626687,-43.192749&amp;sspn=1.111667,2.113495&amp;ie=UTF8&amp;hq=Estrada+Correia+da+Veiga,+801,+Hotel+Pousada+Vista+do+Vale&amp;hnear=&amp;t=m&amp;ll=-22.341026,-43.091383&amp;spn=0.027786,0.051498&amp;z=14&amp;iwloc=A&amp;output=embed\" width=\"720\" height=\"350\" frameborder=\"0\" marginwidth=\"0\" marginheight=\"0\" scrolling=\"no\"><\/iframe><br \/>\n<small><a style=\"color: #0000ff; text-align: left;\" href=\"https:\/\/maps.google.com.br\/maps?f=q&amp;source=embed&amp;hl=pt-BR&amp;geocode=&amp;q=Estrada+Correia+da+Veiga,+801,+Hotel+Pousada+Vista+do+Vale&amp;aq=&amp;sll=-22.626687,-43.192749&amp;sspn=1.111667,2.113495&amp;ie=UTF8&amp;hq=Estrada+Correia+da+Veiga,+801,+Hotel+Pousada+Vista+do+Vale&amp;hnear=&amp;t=m&amp;ll=-22.341026,-43.091383&amp;spn=0.027786,0.051498&amp;z=14&amp;iwloc=A\">Exibir mapa ampliado<\/a><\/small><br \/>\n<\/div>\n<div class=\"su-tabs-pane su-u-clearfix su-u-trim\" data-title=\"Mapa e Endere\u00e7o\">\n<figure id=\"attachment_517\" aria-describedby=\"caption-attachment-517\" style=\"width: 150px\" class=\"wp-caption alignleft\"><a href=\"http:\/\/vistadovale.com.br\/pousada\/wp-content\/uploads\/2013\/12\/mapa_acesso.jpg\" target=\"blank\" rel=\"noopener noreferrer\" data-rel=\"lightbox-image-0\" data-rl_title=\"\" data-rl_caption=\"\" title=\"\"><img loading=\"lazy\" decoding=\"async\" class=\"size-thumbnail wp-image-517\" src=\"http:\/\/vistadovale.com.br\/pousada\/wp-content\/uploads\/2013\/12\/mapa_acesso-150x150.jpg\" alt=\"Mapa de acesso\" width=\"150\" height=\"150\" \/><\/a><figcaption id=\"caption-attachment-517\" class=\"wp-caption-text\">Ampliar<\/figcaption><\/figure>\n<p>Pousada Vista do Vale<\/p>\n<p>Estrada Correia da Veiga, 801<br \/>\nItaipava &#8211; Petr\u00f3polis &#8211; RJ &#8211; Brasil<br \/>\nCEP 25.745-260<\/p>\n<p>Telefones:<a href=\"https:\/\/wa.me\/\/5524999118327\" target=\"_blank\" rel=\"noopener\"> (24) 99911-8327<\/a><\/p>\n<p>Coordenadas GPS: -22.350738,-43.096101<br \/>\n<a title=\"Google Maps\" href=\"https:\/\/maps.google.com.br\/maps?q=-22.350738,-43.096101&amp;ll=-22.350748,-43.095629&amp;spn=0.002176,0.004128&amp;num=1&amp;t=m&amp;z=19&amp;layer=c&amp;cbll=-22.350711,-43.09551&amp;panoid=4T2-x5xFhywaypj3EiMhFg&amp;cbp=12,55.4,,0,13.24\" target=\"_blank\" rel=\"noopener noreferrer\">Ver Google Maps<\/a><br \/>\n<\/div>\n<div class=\"su-tabs-pane su-u-clearfix su-u-trim\" data-title=\"Roteiros de Como Chegar\">Roteiros de Como Chegar:<\/p>\n<p>1. Siga na dire\u00e7\u00e3o norte na Av. Francisco Bicalho em dire\u00e7\u00e3o \u00e0 R. Cmte. Garcia Pires 350 m<br \/>\n2. Pegue a primeira \u00e0 direita em R. Cmte. Garcia Pires 140 m<br \/>\n3. Pegue a primeira \u00e0 direita em R. Cordeiro da Gra\u00e7a 32 m<br \/>\n4. Continue para R. Gen. Luiz Mendes de Morais 500 m<br \/>\n5. Pegue a rampa de acesso para a Vd. Eng. Paulo de Sousa Reis 350 m<br \/>\n6. Curva suave \u00e0 esquerda para permanecer na Vd. Eng. Paulo de Sousa Reis 80 m<br \/>\n7. Continue para Ac. p\/ Evd Prof. Rufino de Almeida 270 m<br \/>\n8. Continue para Vevd. Prof. Rufino de Almeida Pizarro 3,0 km<br \/>\n9. Continue para Ln. Vermelha\/Via Pres. Jo\u00e3o Goulart 11,3 km<br \/>\n10. Pegue a sa\u00edda em dire\u00e7\u00e3o a Rod. Washington Luiz &#8211; Pista Lateral 210 m<br \/>\n11. Mantenha-se \u00e0 direita na bifurca\u00e7\u00e3o para continuar em dire\u00e7\u00e3o \u00e0 Rod. Washington Luiz &#8211; Pista Lateral e pegue a Rod. Washington Luiz &#8211; Pista Lateral 750 m<br \/>\n12. Pegue a Rod. Washington Luiz<br \/>\nEstrada com ped\u00e1gio em alguns trechos 68,2 km<br \/>\n13. Vire \u00e0 direita em dire\u00e7\u00e3o \u00e0 Estr. Uni\u00e3o E Ind\u00fastria 240 m<br \/>\n14. Vire \u00e0 esquerda na Estr. Uni\u00e3o E Ind\u00fastria 1,3 km<br \/>\n15. Continue para Estr. dos Tab\u00f5es 600 m<br \/>\n16. Curva suave \u00e0 direita na R. Neuza Goular Brizola 1,6 km<br \/>\n17. Continue para Antiga Estr. do Sumidouro 750 m<br \/>\n18. Continue para Estr. Correia da Veiga 900 m<br \/>\n19. Curva suave \u00e0 esquerda para permanecer na Estr. Correia da Veiga<br \/>\nO destino estar\u00e1 \u00e0 direita.<br \/>\n<\/div><\/div><\/div>\n","protected":false},"excerpt":{"rendered":"","protected":false},"author":1,"featured_media":1618,"parent":6,"menu_order":4,"comment_status":"closed","ping_status":"closed","template":"","meta":{"footnotes":"","_links_to":"","_links_to_target":""},"class_list":["post-49","page","type-page","status-publish","has-post-thumbnail","hentry"],"yoast_head":"<!-- This site is optimized with the Yoast SEO plugin v26.9 - https:\/\/yoast.com\/product\/yoast-seo-wordpress\/ -->\n<title>Como Chegar - Pousada em Itaipava Vista do Vale, Petr\u00f3polis<\/title>\n<meta name=\"robots\" content=\"index, follow, max-snippet:-1, max-image-preview:large, max-video-preview:-1\" \/>\n<link rel=\"canonical\" href=\"https:\/\/vistadovale.com.br\/pousada\/index.php\/a-pousada\/como-chegar\/\" \/>\n<meta property=\"og:locale\" content=\"pt_BR\" \/>\n<meta property=\"og:type\" content=\"article\" \/>\n<meta property=\"og:title\" content=\"Como Chegar - Pousada em Itaipava Vista do Vale, Petr\u00f3polis\" \/>\n<meta property=\"og:url\" content=\"https:\/\/vistadovale.com.br\/pousada\/index.php\/a-pousada\/como-chegar\/\" \/>\n<meta property=\"og:site_name\" content=\"Pousada em Itaipava Vista do Vale, Petr\u00f3polis\" \/>\n<meta property=\"article:publisher\" content=\"https:\/\/www.facebook.com\/vistadovale\" \/>\n<meta property=\"article:modified_time\" content=\"2025-12-02T13:23:50+00:00\" \/>\n<meta property=\"og:image\" content=\"https:\/\/vistadovale.com.br\/pousada\/wp-content\/uploads\/2019\/07\/slider_cd.jpg\" \/>\n\t<meta property=\"og:image:width\" content=\"1920\" \/>\n\t<meta property=\"og:image:height\" content=\"850\" \/>\n\t<meta property=\"og:image:type\" content=\"image\/jpeg\" \/>\n<meta name=\"twitter:label1\" content=\"Est. tempo de leitura\" \/>\n\t<meta name=\"twitter:data1\" content=\"3 minutos\" \/>\n<script type=\"application\/ld+json\" class=\"yoast-schema-graph\">{\"@context\":\"https:\/\/schema.org\",\"@graph\":[{\"@type\":\"WebPage\",\"@id\":\"https:\/\/vistadovale.com.br\/pousada\/index.php\/a-pousada\/como-chegar\/\",\"url\":\"https:\/\/vistadovale.com.br\/pousada\/index.php\/a-pousada\/como-chegar\/\",\"name\":\"Como Chegar - Pousada em Itaipava Vista do Vale, Petr\u00f3polis\",\"isPartOf\":{\"@id\":\"https:\/\/vistadovale.com.br\/pousada\/#website\"},\"primaryImageOfPage\":{\"@id\":\"https:\/\/vistadovale.com.br\/pousada\/index.php\/a-pousada\/como-chegar\/#primaryimage\"},\"image\":{\"@id\":\"https:\/\/vistadovale.com.br\/pousada\/index.php\/a-pousada\/como-chegar\/#primaryimage\"},\"thumbnailUrl\":\"https:\/\/vistadovale.com.br\/pousada\/wp-content\/uploads\/2019\/07\/slider_cd.jpg\",\"datePublished\":\"2013-12-17T01:32:49+00:00\",\"dateModified\":\"2025-12-02T13:23:50+00:00\",\"breadcrumb\":{\"@id\":\"https:\/\/vistadovale.com.br\/pousada\/index.php\/a-pousada\/como-chegar\/#breadcrumb\"},\"inLanguage\":\"pt-BR\",\"potentialAction\":[{\"@type\":\"ReadAction\",\"target\":[\"https:\/\/vistadovale.com.br\/pousada\/index.php\/a-pousada\/como-chegar\/\"]}]},{\"@type\":\"ImageObject\",\"inLanguage\":\"pt-BR\",\"@id\":\"https:\/\/vistadovale.com.br\/pousada\/index.php\/a-pousada\/como-chegar\/#primaryimage\",\"url\":\"https:\/\/vistadovale.com.br\/pousada\/wp-content\/uploads\/2019\/07\/slider_cd.jpg\",\"contentUrl\":\"https:\/\/vistadovale.com.br\/pousada\/wp-content\/uploads\/2019\/07\/slider_cd.jpg\",\"width\":1920,\"height\":850},{\"@type\":\"BreadcrumbList\",\"@id\":\"https:\/\/vistadovale.com.br\/pousada\/index.php\/a-pousada\/como-chegar\/#breadcrumb\",\"itemListElement\":[{\"@type\":\"ListItem\",\"position\":1,\"name\":\"A Pousada\",\"item\":\"https:\/\/vistadovale.com.br\/pousada\/index.php\/a-pousada\/\"},{\"@type\":\"ListItem\",\"position\":2,\"name\":\"Como Chegar\"}]},{\"@type\":\"WebSite\",\"@id\":\"https:\/\/vistadovale.com.br\/pousada\/#website\",\"url\":\"https:\/\/vistadovale.com.br\/pousada\/\",\"name\":\"Pousada em Itaipava Vista do Vale, Petr\u00f3polis\",\"description\":\"Chal\u00e9s em Itaipava Pousada Vista do Vale\",\"publisher\":{\"@id\":\"https:\/\/vistadovale.com.br\/pousada\/#organization\"},\"potentialAction\":[{\"@type\":\"SearchAction\",\"target\":{\"@type\":\"EntryPoint\",\"urlTemplate\":\"https:\/\/vistadovale.com.br\/pousada\/?s={search_term_string}\"},\"query-input\":{\"@type\":\"PropertyValueSpecification\",\"valueRequired\":true,\"valueName\":\"search_term_string\"}}],\"inLanguage\":\"pt-BR\"},{\"@type\":\"Organization\",\"@id\":\"https:\/\/vistadovale.com.br\/pousada\/#organization\",\"name\":\"Pousada em Itaipava Vista do Vale, Petr\u00f3polis\",\"url\":\"https:\/\/vistadovale.com.br\/pousada\/\",\"logo\":{\"@type\":\"ImageObject\",\"inLanguage\":\"pt-BR\",\"@id\":\"https:\/\/vistadovale.com.br\/pousada\/#\/schema\/logo\/image\/\",\"url\":\"https:\/\/vistadovale.com.br\/pousada\/wp-content\/uploads\/2015\/11\/cropped-pousada_itaipava.png\",\"contentUrl\":\"https:\/\/vistadovale.com.br\/pousada\/wp-content\/uploads\/2015\/11\/cropped-pousada_itaipava.png\",\"width\":149,\"height\":100,\"caption\":\"Pousada em Itaipava Vista do Vale, Petr\u00f3polis\"},\"image\":{\"@id\":\"https:\/\/vistadovale.com.br\/pousada\/#\/schema\/logo\/image\/\"},\"sameAs\":[\"https:\/\/www.facebook.com\/vistadovale\"]}]}<\/script>\n<!-- \/ Yoast SEO plugin. -->","yoast_head_json":{"title":"Como Chegar - Pousada em Itaipava Vista do Vale, Petr\u00f3polis","robots":{"index":"index","follow":"follow","max-snippet":"max-snippet:-1","max-image-preview":"max-image-preview:large","max-video-preview":"max-video-preview:-1"},"canonical":"https:\/\/vistadovale.com.br\/pousada\/index.php\/a-pousada\/como-chegar\/","og_locale":"pt_BR","og_type":"article","og_title":"Como Chegar - Pousada em Itaipava Vista do Vale, Petr\u00f3polis","og_url":"https:\/\/vistadovale.com.br\/pousada\/index.php\/a-pousada\/como-chegar\/","og_site_name":"Pousada em Itaipava Vista do Vale, Petr\u00f3polis","article_publisher":"https:\/\/www.facebook.com\/vistadovale","article_modified_time":"2025-12-02T13:23:50+00:00","og_image":[{"width":1920,"height":850,"url":"https:\/\/vistadovale.com.br\/pousada\/wp-content\/uploads\/2019\/07\/slider_cd.jpg","type":"image\/jpeg"}],"twitter_misc":{"Est. tempo de leitura":"3 minutos"},"schema":{"@context":"https:\/\/schema.org","@graph":[{"@type":"WebPage","@id":"https:\/\/vistadovale.com.br\/pousada\/index.php\/a-pousada\/como-chegar\/","url":"https:\/\/vistadovale.com.br\/pousada\/index.php\/a-pousada\/como-chegar\/","name":"Como Chegar - Pousada em Itaipava Vista do Vale, Petr\u00f3polis","isPartOf":{"@id":"https:\/\/vistadovale.com.br\/pousada\/#website"},"primaryImageOfPage":{"@id":"https:\/\/vistadovale.com.br\/pousada\/index.php\/a-pousada\/como-chegar\/#primaryimage"},"image":{"@id":"https:\/\/vistadovale.com.br\/pousada\/index.php\/a-pousada\/como-chegar\/#primaryimage"},"thumbnailUrl":"https:\/\/vistadovale.com.br\/pousada\/wp-content\/uploads\/2019\/07\/slider_cd.jpg","datePublished":"2013-12-17T01:32:49+00:00","dateModified":"2025-12-02T13:23:50+00:00","breadcrumb":{"@id":"https:\/\/vistadovale.com.br\/pousada\/index.php\/a-pousada\/como-chegar\/#breadcrumb"},"inLanguage":"pt-BR","potentialAction":[{"@type":"ReadAction","target":["https:\/\/vistadovale.com.br\/pousada\/index.php\/a-pousada\/como-chegar\/"]}]},{"@type":"ImageObject","inLanguage":"pt-BR","@id":"https:\/\/vistadovale.com.br\/pousada\/index.php\/a-pousada\/como-chegar\/#primaryimage","url":"https:\/\/vistadovale.com.br\/pousada\/wp-content\/uploads\/2019\/07\/slider_cd.jpg","contentUrl":"https:\/\/vistadovale.com.br\/pousada\/wp-content\/uploads\/2019\/07\/slider_cd.jpg","width":1920,"height":850},{"@type":"BreadcrumbList","@id":"https:\/\/vistadovale.com.br\/pousada\/index.php\/a-pousada\/como-chegar\/#breadcrumb","itemListElement":[{"@type":"ListItem","position":1,"name":"A Pousada","item":"https:\/\/vistadovale.com.br\/pousada\/index.php\/a-pousada\/"},{"@type":"ListItem","position":2,"name":"Como Chegar"}]},{"@type":"WebSite","@id":"https:\/\/vistadovale.com.br\/pousada\/#website","url":"https:\/\/vistadovale.com.br\/pousada\/","name":"Pousada em Itaipava Vista do Vale, Petr\u00f3polis","description":"Chal\u00e9s em Itaipava Pousada Vista do Vale","publisher":{"@id":"https:\/\/vistadovale.com.br\/pousada\/#organization"},"potentialAction":[{"@type":"SearchAction","target":{"@type":"EntryPoint","urlTemplate":"https:\/\/vistadovale.com.br\/pousada\/?s={search_term_string}"},"query-input":{"@type":"PropertyValueSpecification","valueRequired":true,"valueName":"search_term_string"}}],"inLanguage":"pt-BR"},{"@type":"Organization","@id":"https:\/\/vistadovale.com.br\/pousada\/#organization","name":"Pousada em Itaipava Vista do Vale, Petr\u00f3polis","url":"https:\/\/vistadovale.com.br\/pousada\/","logo":{"@type":"ImageObject","inLanguage":"pt-BR","@id":"https:\/\/vistadovale.com.br\/pousada\/#\/schema\/logo\/image\/","url":"https:\/\/vistadovale.com.br\/pousada\/wp-content\/uploads\/2015\/11\/cropped-pousada_itaipava.png","contentUrl":"https:\/\/vistadovale.com.br\/pousada\/wp-content\/uploads\/2015\/11\/cropped-pousada_itaipava.png","width":149,"height":100,"caption":"Pousada em Itaipava Vista do Vale, Petr\u00f3polis"},"image":{"@id":"https:\/\/vistadovale.com.br\/pousada\/#\/schema\/logo\/image\/"},"sameAs":["https:\/\/www.facebook.com\/vistadovale"]}]}},"_links":{"self":[{"href":"https:\/\/vistadovale.com.br\/pousada\/index.php\/wp-json\/wp\/v2\/pages\/49","targetHints":{"allow":["GET"]}}],"collection":[{"href":"https:\/\/vistadovale.com.br\/pousada\/index.php\/wp-json\/wp\/v2\/pages"}],"about":[{"href":"https:\/\/vistadovale.com.br\/pousada\/index.php\/wp-json\/wp\/v2\/types\/page"}],"author":[{"embeddable":true,"href":"https:\/\/vistadovale.com.br\/pousada\/index.php\/wp-json\/wp\/v2\/users\/1"}],"replies":[{"embeddable":true,"href":"https:\/\/vistadovale.com.br\/pousada\/index.php\/wp-json\/wp\/v2\/comments?post=49"}],"version-history":[{"count":39,"href":"https:\/\/vistadovale.com.br\/pousada\/index.php\/wp-json\/wp\/v2\/pages\/49\/revisions"}],"predecessor-version":[{"id":2454,"href":"https:\/\/vistadovale.com.br\/pousada\/index.php\/wp-json\/wp\/v2\/pages\/49\/revisions\/2454"}],"up":[{"embeddable":true,"href":"https:\/\/vistadovale.com.br\/pousada\/index.php\/wp-json\/wp\/v2\/pages\/6"}],"wp:featuredmedia":[{"embeddable":true,"href":"https:\/\/vistadovale.com.br\/pousada\/index.php\/wp-json\/wp\/v2\/media\/1618"}],"wp:attachment":[{"href":"https:\/\/vistadovale.com.br\/pousada\/index.php\/wp-json\/wp\/v2\/media?parent=49"}],"curies":[{"name":"wp","href":"https:\/\/api.w.org\/{rel}","templated":true}]}}